composite?
False
Is 1637 a prime number?
True
Is 603619 a composite number?
True
Is 679 composite?
True
Is 10637 composite?
True
Is 874677 a prime number?
False
Is 82105 composite?
True
Is 103427 prime?
False
Is 393259 prime?
False
Is 9277 a composite number?
False
Is 90223 a prime number?
False
Is 1171 a prime number?
True
Is 1613545 prime?
False
Is 54907 composite?
False
Is 37211 composite?
True
Is 876849 composite?
True
Is 239657 a prime number?
False
Is 23249 a composite number?
True
Is 484217 a composite number?
True
Is 1592447 a prime number?
False
Is 27707 a prime number?
False
Is 4087 composite?
True
Is 14813 a prime number?
True
Is 294241 a composite number?
False
Is 1401 composite?
True
Is 1009 composite?
False
Is 20761 a composite number?
True
Is 1005371 a prime number?
True
Is 26759 composite?
False
Is 119807 prime?
False
Is 889403 a composite number?
True
Is 203054 prime?
False
Is 342439 a composite number?
True
Is 24169 composite?
False
Is 3149 composite?
True
Is 206182 a prime number?
False
Is 204173 a composite number?
False
Is 243655 a prime number?
False
Is 1657 prime?
True
Is 8057 composite?
True
Is 20791 a prime number?
False
Is 222889 composite?
True
Is 1973 prime?
True
Is 1253 a composite number?
True
Is 13963 composite?
False
Is 674909 a prime number?
False
Is 43154 composite?
True
Is 1841 prime?
False
Is 215351 prime?
True
Is 686663 composite?
True
Is 7403 composite?
True
Is 4321 prime?
False
Is 1080561 composite?
True
Is 1244857 composite?
False
Is 19661 composite?
False
Is 41579 a composite number?
False
Is 5813 composite?
False
Is 178393 a composite number?
False
Is 57733 composite?
True
Is 8101 a composite number?
False
Is 78401 a prime number?
True
Is 50641 a composite number?
True
Is 279499 prime?
False
Is 2256533 composite?
False
Is 868609 prime?
False
Is 28958 prime?
False
Is 63374 a composite number?
True
Is 153445 a composite number?
True
Is 37319 a composite number?
True
Is 3599 prime?
False
Is 21647 a prime number?
True
Is 18805 a composite number?
True
Is 56047 prime?
False
Is 17729 a composite number?
False
Is 17162 composite?
True
Is 25249 a composite number?
True
Is 35551 composite?
True
Is 43289 a composite number?
True
Is 14173 a composite number?
False
Is 44041 a composite number?
False
Is 110059 a composite number?
False
Is 17801 a composite number?
True
Is 8045 a prime number?
False
Is 37721 composite?
True
Is 17609 composite?
False
Is 5507 composite?
False
Is 291209 a prime number?
True
Is 625409 prime?
True
Is 10901 a prime number?
False
Is 185417 prime?
False
Is 937 a composite number?
False
Is 337949 a composite number?
False
Is 113063 composite?
False
Is 5981 prime?
True
Is 431099 composite?
False
Is 1827129 prime?
False
Is 7279 a composite number?
True
Is 49991 prime?
True
Is 943 prime?
False
Is 4254047 a prime number?
False
Is 21453 prime?
False
Is 73649 a composite number?
True
Is 2127 a composite number?
True
Is 503561 a prime number?
False
Is 3353 composite?
True
Is 1040011 a prime number?
False
Is 117163 prime?
True
Is 651461 composite?
False
Is 54683 composite?
True
Is 14369 composite?
False
Is 127637 composite?
False
Is 7403 prime?
False
Is 345413 a prime number?
True
Is 30983 a composite number?
False
Is 53813 a composite number?
False
Is 4861 prime?
True
Is 376541 prime?
False
Is 230189 a composite number?
False
Is 20906 prime?
False
Is 167521 a prime number?
True
Is 11587 prime?
True
Is 719993 prime?
False
Is 202931 a prime number?
True
Is 30689 a composite number?
False
Is 718429 a prime number?
False
Is 34607 composite?
False
Is 172234 a composite number?
True
Is 30553 a prime number?
True
Is 18283 composite?
True
Is 514171 a prime number?
False
Is 96001 a prime number?
True
Is 16939 a prime number?
False
Is 559653 composite?
True
Is 13963 prime?
True
Is 50509 a composite number?
True
Is 48215 a prime number?
False
Is 203197 a prime number?
False
Is 383347 a prime number?
True
Is 2333 composite?
False
Is 459593 a prime number?
True
Is 31795 prime?
False
Is 115417 composite?
True
Is 621217 composite?
False
Is 1465 a composite number?
True
Is 4627 prime?
False
Is 59029 a prime number?
True
Is 17369 composite?
True
Is 3641 a composite number?
True
Is 3517 a prime number?
True
Is 15941 composite?
True
Is 33038 prime?
False
Is 177901 a composite number?
True
Is 2597741 composite?
True
Is 1530401 composite?
True
Is 231919 composite?
False
Is 503033 composite?
True
Is 355029 prime?
False
Is 24881 composite?
True
Is 3305 prime?
False
Is 517 a composite number?
True
Is 133477 prime?
False
Is 737 prime?
False
Is 469 a prime number?
False
Is 154577 a composite number?
True
Is 45161 prime?
True
Is 5189 prime?
True
Is 30539 a composite number?
False
Is 135895 composite?
True
Is 1901 a composite number?
False
Is 8651 a prime number?
False
Is 49091 a prime number?
False
Is 13591 a composite number?
False
Is 6236953 composite?
False
Is 381167 prime?
True
Is 1269931 composite?
True
Is 8639 composite?
True
Is 236699 a prime number?
True
Is 20803 a composite number?
True
Is 604873 prime?
False
Is 865043 a prime number?
True
Is 79621 composite?
False
Is 58403 a prime number?
True
Is 3899 a prime number?
False
Is 13327 prime?
True
Is 339943 composite?
False
Is 7711 a prime number?
False
Is 426541 prime?
True
Is 131269 a prime number?
False
Is 2306 prime?
False
Is 647921 a composite number?
True
Is 5167 a prime number?
True
Is 198097 a prime number?
True
Is 7289 a composite number?
True
Is 145349 prime?
True
Is 8219 a composite number?
False
Is 1338059 composite?
True
Is 7069 a prime number?
True
Is 30106 a composite number?
True
Is 997519 a composite number?
True
Is 10831 prime?
True
Is 30463 a prime number?
False
Is 531701 a prime number?
True
Is 1110761 prime?
False
Is 68293 prime?
False
Is 39499 composite?
False
Is 736413 a prime number?
False
Is 44087 a prime number?
True
Is 10687 a prime number?
True
Is 1036841 prime?
False
Is 26882 a prime number?
False
Is 1125129 composite?
True
Is 922021 a composite number?
False
Is 42782 composite?
True
Is 672743 a composite number?
False
Is 58538 prime?
False
Is 679007 a prime number?
False
Is 686213 composite?
True
Is 254245 composite?
True
Is 12979 a prime number?
True
Is 432697 prime?
False
Is 145799 prime?
True
Is 571 a prime number?
True
Is 1399114 a composite number?
True
Is 25859 composite?
True
Is 12023 a composite number?
True
Is 4049 a composite number?
False
Is 105437 a composite number?
False
Is 27983 a composite number?
False
Is 45091 a prime number?
False
Is 26823 a composite number?
True
Is 34851 prime?
False
Is 35213 a prime number?
False
Is 1049 composite?
False
Is 13289 composite?
True
Is 732073 prime?
True
Is 236393 prime?
False
Is 24281 a composite number?
False
Is 8119 composite?
True
Is 556367 prime?
False
Is 6995 prime?
False
Is 362263 composite?
True
Is 797 composite?
False
Is 23651 composite?
True
Is 251607 prime?
False
Is 47207 a composite number?
False
Is 5372266 a composite number?
True
Is 4737 composite?
True
Is 519 a prime number?
False
Is 55243 a composite number?
False
Is 620689 a composite number?
False
Is 50057 a composite number?
True
Is 23101 prime?
False
Is 602709 composite?
True
Is 60859 prime?
True
Is 26443 a prime number?
False
Is 24499 composite?
False
Is 304193 composite?
False
Is 103769 a composite number?
False
Is 2053 a prime number?
True
Is 33679 a composite number?
False
Is 24819 composite?
True
Is 452927 composite?
True
Is 371699 composite?
False
Is 33671 a prime number?
False
Is 5219879 a composite number?
True
Is 8813 a composite number?
True
Is 262811 a prime number?
False
Is 83041 a composite number?
True
Is 441607 a composite number?
False
Is 52051 a composite number?
False
Is 9511 composite?
False
Is 16741 composite?
False
Is 170621 a composite number?
True
Is 3907 prime?
True
Is 261223 a prime number?
True
Is 421481 a composite number?
True
Is 326537 composite?
False
Is 16703 composite?
False
Is 52799 composite?
True
Is 12889 a composite number?
False
Is 13021 composite?
True
Is 3830101 a composite number?
True
Is 106598 composite?
True
Is 1151 a composite number?
False
Is 3691 composite?
False
Is 63955 a composite number?
True
Is 2859 composite?
True
Is 22229 a composite number?
False
Is 11197 compo